 What is the units digit of p?
3
Let c(g) = 15*g**2 - 3*g + 21. What is the tens digit of c(4)?
4
Let c = 19 + -12. Let g = c + -2. Let d = -3 + g. What is the units digit of d?
2
Let f = 0 + -1. Let v be f + 2 + -2 - -7. Suppose -v*b + 3*b = -18. What is the units digit of b?
6
Let x be 2 - ((-3)/3 - -39). What is the tens digit of x/(-16)*(-3 - -11)?
1
Suppose 2*y + 2*y = 52. Let i = 20 - y. What is the units digit of i?
7
Suppose -5*a + 71 = -4*m, 3*m + 5*a + 46 + 16 = 0. What is the tens digit of 4/((6/m)/(-3))?
3
Let x(q) = -2*q**3 - 5*q**2 - 3*q + 3. What is the tens digit of x(-3)?
2
Let n = 33 - 12. What is the tens digit of n?
2
Let k be -2 - (-4)/(4/7). Suppose -v - 4*r - 4 = v, 5*v = 5*r + k. What is the units digit of (-1)/(v/(-3) + -1)?
1
Let z be (-1685)/(-20) + 2/(-8). Suppose -8*j + z = -4*j. What is the tens digit of j?
2
Let p = -7 - -11. Suppose -p = -2*i + 2. What is the units digit of i?
3
Let w(a) be the second derivative of -a**4/12 - a**3 - 5*a**2/2 - 7*a. Let j be 8/(-10)*(6 + -1). What is the units digit of w(j)?
3
Suppose 5*f - l - 125 = -6*l, -2*l = 4*f - 90. What is the units digit of f?
0
Suppose -54 = -3*l + 24. What is the tens digit of l?
2
Suppose 18 + 32 = 5*y. What is the tens digit of y*(8/(-10) - -2)?
1
Suppose 27 = -h + 2*h. What is the tens digit of h?
2
Let q = 49 + 11. What is the tens digit of q?
6
Let a be 6/(-21) + 2/7. Let t(u) = -u**3 - u**2 + u. Let y(p) = -7*p**3 - 7*p**2 + 6*p + 19. Let m(q) = -6*t(q) + y(q). What is the tens digit of m(a)?
1
Let m(r) = 2*r**2 + 2*r - 4. Let z be m(-5). Suppose w - z = -2*w. What is the tens digit of w?
1
What is the units digit of 1 - ((3 - 3) + -5)?
6
Let h = -368 + 691. What is the hundreds digit of h?
3
Let o = 3 - 15. Let b = o - -17. What is the units digit of b?
5
Suppose -125 = -4*k - k. What is the tens digit of k?
2
What is the units digit of -4 - -1 - (-69 - -14)?
2
Let g(k) = 184*k + 15. What is the units digit of g(2)?
3
Let t be (-22)/(-6) - 2/(-6). Let p(d) = -d**2 + 5*d - 2. Let z be p(t). Let y = z + 16. What is the units digit of y?
8
Suppose 0*q = 3*q - 4*g - 31, 3*g + 27 = 3*q. Let a = -2 + q. What is the units digit of a?
3
What is the units digit of ((-3)/6 - 1)*-10?
5
Suppose 3*s - 19 = 2*m, -3*s + 2*m + 22 = 3*m. Let l = s - -3. What is the units digit of l?
0
What is the tens digit of -6*((-60)/3)/(9/3)?
4
Let s = 8 + -5. Suppose 4*l - s*d = -2*d + 6, 4*d + 10 = 2*l. What is the units digit of l?
1
Let z be (-2)/((-10)/(-6) - 2). Let y = -8 + z. What is the units digit of ((-12)/y)/(3 + -2)?
6
Let g(w) = w + 4. Let t(q) = -2*q + 12. Let l be t(8). Let z be g(l). Suppose z = -5*j + 46 - 11. What is the units digit of j?
7
Let y(i) = -3*i + 3. Suppose 5*c = 2*p - 11, 3*c + 19 = -c + 5*p. Let z be (1 - 6/(-3))*c. What is the units digit of y(z)?
2
What is the tens digit of (-4)/14 - (-681)/7?
9
Suppose 4 = 3*f - 2, 2*f = g - 37. What is the tens digit of g?
4
Let h be -2 + 0 + -1 - -8. Let p(c) = -c**3 + 6*c**2 - 5*c - 7. Let w be p(h). What is the units digit of -2*1 - (w + 3)?
2
Let u = 2 - 0. Suppose 6 = -4*m - u*k, -m + 3*k - 15 = -k. Let f(r) = -r**3 - r**2 + 3*r + 1. What is the units digit of f(m)?
0
Let b = 0 + -2. Let z(g) be the third derivative of -g**6/120 - g**5/30 - g**4/12 - g**3/3 - 4*g**2. What is the units digit of z(b)?
2
Suppose 5*j - 4*u - 4 = 0, 3*j - 4*j + 2 = -2*u. Suppose 3 + 9 = 2*m. Suppose m*y - 2*y - 52 = j. What is the tens digit of y?
1
Suppose 804 = 4*l - o + 5*o, -3*l + 4*o + 589 = 0. What is the tens digit of l?
9
Suppose -2*w - 2 = -3*i, -2*w = -5*w + 15. What is the tens digit of (-6)/i*(-26 + 14)?
1
Suppose -5*y + w - 172 = -w, 4*y + 133 = -3*w. Let s = y - -57. What is the units digit of s?
3
Suppose 3*q = -3*d + 18, -2*d - q = d - 10. Let a = 4 - d. What is the units digit of a?
2
Suppose -4*y + 3 + 5 = 0. Suppose -5*i + y*i = -36. What is the units digit of i?
2
Let t(m) = 2*m**2 + 3*m - 3. Suppose 0 = -3*n + 3 - 12. Let i be t(n). What is the units digit of (i/(-9) - -1)*3?
1
Let g(o) = 9*o - 6. Let m(t) = -5*t + 3. Let d(w) = -4*g(w) - 7*m(w). What is the units digit of d(-9)?
2
What is the units digit of (4 + -6 + 3)*15?
5
Suppose 2*b + 214 = 4*c - 0*b, 2*c - 122 = -4*b. What is the units digit of c?
5
Let q be (-34)/(-2 - (3 + -3)). Suppose -2*f + 2*r + 18 = 0, 3*f + 0*r - r = q. Suppose 4*a = -2*z + 54, 0*a - a - f*z = -17. What is the tens digit of a?
1
Let v(h) = -h**3 - 7*h**2 - 4*h + 11. What is the tens digit of v(-7)?
3
What is the tens digit of (-3)/(-2)*112/6?
2
Let k be (-1)/(-4) - (-1053)/12. Suppose k = -3*v + 7*v. What is the units digit of v?
2
Let x(c) = c**2 - 6*c - 6. Suppose -4*h = 2*a - 0*a - 24, -2*h + 22 = -4*a. What is the units digit of x(h)?
1
Let p(i) = -i**3 + 8*i - 8*i**2 + 2*i**3 - 2*i**3 - 1. Let c be p(-9). Suppose 2*m - 6 = c. What is the units digit of m?
7
Let i(l) = 17*l - 15. What is the units digit of i(5)?
0
Let h(j) = 2*j**2 + j - 4. Let l be h(-4). Let p = -12 + l. What is the units digit of p?
2
Suppose 3*u - 6 = u, 3*u = 4*f - 3. Suppose f*n = 2*n - 1. What is the tens digit of 12 - (n + (0 - -1))?
1
Suppose b + 212 = 5*b. Suppose 3*w - q = b, 3*w - 6*q + 2*q = 59. What is the units digit of w?
7
Let j(r) = r**2 + 16*r. Let b be j(-17). Let q(z) = z**3 - 16*z**2 - 15*z + 7. What is the units digit of q(b)?
1
Let b(z) be the third derivative of z**7/5040 - z**5/30 + 2*z**2. Let g(k) be the third derivative of b(k). What is the units digit of g(2)?
2
Suppose 5*s + 10 = 0, b + 5*s = 1 - 2. What is the units digit of b?
9
Suppose 0 = -5*w - 32 + 2. Let k(l) = -4*l + 7. What is the units digit of k(w)?
1
Suppose -7*n - 2*n + 738 = 0. What is the units digit of n?
2
Let x = 2 + 0. Suppose -5*t + p + 6 = 0, -x = 5*t - p - 2*p. Suppose 15 = 3*q, l + t = 3*q - 10. What is the units digit of l?
3
Let z = -13 - -17. Suppose 5*b - j - 2 = 0, 0*j = -2*b + 3*j + 6. Suppose t + t - z = b. What is the units digit of t?
2
Let d(q) = 7*q**2 + q - 4. What is the tens digit of d(4)?
1
Let y(r) = -r - 4. Let s be y(0). Let z(j) = -j**3 - 4*j**2 - 3. Let b be z(s). What is the units digit of b*3/6*-2?
3
Let t be 3 - (-3)/(-9)*9. Suppose 0 = -4*j - t + 176. What is the tens digit of j?
4
Let x(z) = z + 4. Let c = -19 + 19. What is the units digit of x(c)?
4
Let m = 60 + -24. What is the units digit of m?
6
Let n(v) = -v**2 + 7*v - 3. Let z be n(6). Suppose -2*c + 30 = z*c. Let i = 7 - c. What is the units digit of i?
1
Suppose 5*k + 22 = r - 7, 0 = -3*r + 2*k + 22. Suppose 38 = r*y - 10. What is the tens digit of y?
1
Let g = 45 + -12. What is the tens digit of g?
3
Let t be 6/(-5*(-2)/5). Suppose 3*s + t = 12. What is the units digit of s?
3
Let j = 92 - -15. What is the units digit of j?
7
Suppose -5*c + q + 445 = -2*q, 2*q - 76 = -c. What is the tens digit of c?
8
Let x(r) = -r**2 + r + 1. Let y be x(-1). Let v be (1 + y)*(0 + 1). What is the units digit of v - 1 - 8/(-1)?
7
Let i = 0 - 3. Let y be (2/4)/(i/(-12)). Suppose y*o - 3 = 27. What is the tens digit of o?
1
Suppose 2*n = 3*v + 8, -3*n - 5*v + 1 = -11. Suppose -g - g + n = -4*p, -4*g + 17 = p. What is the units digit of p?
1
Suppose 0 = 5*h + 5*r - 40, -4*h + h = -2*r + 1. Suppose -t + 0*b = -b - h, 4*t + 20 = -4*b. What is the units digit of (18/((-3)/1))/t?
6
Let i = 12 - 8. Suppose -259 = -6*q - 19. Suppose i*w - q = -w. What is the units digit of w?
8
Let g be (-2)/(-2) - (-1 - -2). Suppose -i - 2*m + 6 = g, 4 = -0*i - 3*i + 5*m. Suppose -2*l - i*l + 24 = 0. What is the units digit of l?
6
Let o = 13 - 1. Let y(z) = -z**3 + 12*z**2 + 6. Let u be y(o). Suppose -l = r - u, 3*r - 2*l - 44 = -2*r. What is the units digit of r?
8
Let q be (-2)/1*(3 - 2). Let c = 4 + q. What is the units digit of c?
2
Suppose -3*c + 46 = -11. What is the units digit of c?
9
Let t = 32 + -17. Suppose z - t - 24 = 0. What is the units digit of z?
9
Let i = 76 + -52. What is the units digit of i?
4
Let u(m) = -m**2 - m - 10. Let n be u(0). Let y = n + 18. What is the units digit of y?
8
Suppose -5*g + 9*g = 180. Suppose 2*j + j - g = 0. What is the units digit of j?
5
Let k be ((-27)/(-4))/(4/16). Let m = k + -19. Suppose m = 2*x, y - 4*x = -1 - 7. What is the units digit of y?
8
What is the hundreds digit of 3/(-3) - -3 - -99?
1
Sup